e -31*z + 5456 = -27*z. Suppose -k = 343 - z. What are the prime factors of k?
1021
Let h be 3/(-13 + 11 - (-173)/88). Let u = 477 - h. What are the prime factors of u?
5, 113
Let h(z) = -29737*z**3 + 4*z**2 + 3*z + 6. What are the prime factors of h(-1)?
2, 11, 13
Suppose 0 = 3*s + g + 5 + 18, 0 = 5*s - 4*g + 44. Let p be 3/(-6) - 4/s. List the prime factors of p/1 - 1 - (-8 + -18).
5
Let x(a) = 18 - 2*a + 2*a + 2*a + 20. Let g be x(-16). Suppose g*h - 7*h + 31 = 0. What are the prime factors of h?
31
Let f be 1/3 + ((-8409)/9 - 0). Let n = f - -1340. List the prime factors of n.
2, 7, 29
Suppose 63*b - 727398 = -0*b. What are the prime factors of b?
2, 23, 251
Let a(s) = 2 - 8*s - 3 - 21*s - 4*s**2 - 1. Let h be a(-7). Suppose x - 118 = -2*p, -34 = -2*x - h*p + 202. List the prime factors of x.
2, 59
Suppose 0 = 10*a + 528 - 2348. Suppose -4*r - a = -6*r. List the prime factors of r.
7, 13
Suppose -3*a + 2 = i, 0 = -a + 5*a - 3*i - 20. Suppose -4*k = a - 22. Suppose k*g - 15 = -0*g. List the prime factors of g.
3
Let f(u) = 10*u - 34. Let r be f(4). What are the prime factors of 398 + ((-156)/42 - r/21)?
2, 197
Suppose 20*c - 1010 = 15*c. Let w = 577 - c. What are the prime factors of w?
3, 5
Let d(l) be the first derivative of l**3/3 + 11*l**2/2 + 21*l - 1. Let j(a) = -13*a**2 + 90*a + 103. Let f be j(8). List the prime factors of d(f).
3
Suppose 4 - 24 = -5*m. Suppose -m*f + 40 = 6*f. Let z(d) = d**3 + 2*d**2 + d + 6. List the prime factors of z(f).
2, 53
Let s(v) = 25*v - 7. Let p be s(-7). Let o = p + 83. Let w = 204 + o. What are the prime factors of w?
3, 5, 7
Suppose -107383 = -3*s + 2*u, -4*s - 3*u + 34316 = -108867. What are the prime factors of s?
5, 7159
Suppose -102*k - 84 = -108*k. Suppose 403 = 4*j + 5*n, k + 68 = j + 5*n. List the prime factors of j.
107
Suppose -20*f + 20 = -16*f. Suppose -f*j + 123 = g, -4*j = -3*g - 2*j + 284. List the prime factors of g.
2, 7
Suppose -4*j - 4578 = 5*x, -3*j - 1333 - 1412 = 3*x. List the prime factors of (-7)/(-28)*x*-6.
3, 17
Let x(k) = 2*k**3 - 19*k**2 + 12*k - 33. Let g be 2/((-6)/45)*22/(-33). List the prime factors of x(g).
11, 17
Let s(a) = 3*a**3 + 24*a**2 - 69*a - 37. Let y(x) = x**3 + 8*x**2 - 23*x - 12. Let u(g) = -2*s(g) + 7*y(g). List the prime factors of u(-7).
2, 5
Let y be (0 - 0)/(1 - 0). Let j = 220 + 20. Suppose y = -4*k + 9*k - j. List the prime factors of k.
2, 3
Let n(u) be the third derivative of u**5/30 + 5*u**4/12 - 50*u**3/3 - u**2 + 76. What are the prime factors of n(21)?
2, 31
Suppose -2*s - s + 15 = 0, 2*s - 10 = 2*y. Let w(p) = -p**3 - 7*p**2 - 11*p - 4. Let n be w(-7). Suppose q - n = -y*q. What are the prime factors of q?
73
Let k be (8938/(-8))/((1 - -2)/(-12)). Suppose -25*u + 2156 = -k. List the prime factors of u.
5, 53
Suppose -n - 2490 = 2*i - 675, -3*i - 2703 = -5*n. Let y = -517 - i. What are the prime factors of y?
389
Let u(p) = -p**3 - 5*p**2 - 6*p. Let c be u(-5). Suppose -4*x - c + 1438 = 0. List the prime factors of x.
2, 11
Suppose 5*w = 2*c + 22, 12 - 2 = 2*w - 2*c. Let t be w/(-26) + 22/(-26). List the prime factors of ((-40)/(-120))/((-1)/507*t).
13
Let f(u) = 6*u**2 - 4. Let n(y) = y**2. Let r(d) = f(d) - 5*n(d). What are the prime factors of r(-4)?
2, 3
Let t(s) = -22*s + 88. Let n be t(4). Suppose 5*g - j - 3539 = -0*g, 3*j - 3 = n. What are the prime factors of g?
2, 3, 59
Let q(t) = 743*t - 9. Let s be q(3). Let c be (-2 - 8/1)/1. List the prime factors of ((-8)/c)/(24/s).
2, 37
Suppose 0 = -39*p + 347225 + 1521127 - 37419. List the prime factors of p.
3, 15649
Let m(x) = 214*x**3 + 4*x**2 + 3*x - 11. What are the prime factors of m(2)?
1723
Suppose 0 = 3*h + 4*l + 13, l = 2*h - l + 32. Let v = 794 + h. Suppose -3*d - 253 = -o, o = 4*o - 3*d - v. What are the prime factors of o?
5, 53
Let d = -114 - -132. Suppose d*b + 1976 = 22*b. Suppose -142 - b = -3*g. List the prime factors of g.
2, 53
Let p(g) = -g**2 + 1. Let q(u) = 4*u**2 - 3*u - 10. Suppose -30 = -3*z - 24. Let h(y) = z*p(y) + q(y). What are the prime factors of h(4)?
2, 3
Let j = 20006 + -17727. List the prime factors of j.
43, 53
Let b(k) = -60*k - 96. Let h = 45 - 52. List the prime factors of b(h).
2, 3
Let g be (0 - 5)/(0 + 1). Let c(t) = -t**3 - 4*t**2 + 4*t. Let z be c(g). Suppose -230 = -z*y - 25. What are the prime factors of y?
41
Let z be 1/(-4) + 51/12. Let g be z/(1 - 0 - -1). Suppose 84 = c - 3*p - 81, -p = -g*c + 305. What are the prime factors of c?
2, 3, 5
Let a be (45 - 48)*4/(-6). List the prime factors of a - -2 - (5 + -3).
2
Suppose 0 = -2*m + 10 - 40. Let r be ((-8800)/m)/(-8)*-3. Suppose -5*h + r = -h. What are the prime factors of h?
5, 11
Suppose 2*d - 10 = 0, -28 = -2*c - 2*d + 120. Let o = -64 + c. Suppose 3*k - 3*q - 360 = -q, 3*k - o*q - 351 = 0. What are the prime factors of k?
2, 61
Let k be (128/(-24))/((-4)/390*-5). Let g = 244 - k. List the prime factors of g.
2, 3, 29
Suppose 0 = -102*k + 407092 + 515396. List the prime factors of k.
2, 7, 17, 19
Suppose -9*n = -n. Suppose 3*l + 113 - 767 = n. List the prime factors of l.
2, 109
Let u = 13048 + 11108. What are the prime factors of u?
2, 3, 11, 61
Let d(z) = -414*z + 17. Let u(f) = 207*f - 9. Let w(h) = -3*d(h) - 5*u(h). Let t be w(2). Suppose -46*x + t = -42*x. What are the prime factors of x?
2, 3, 17
Let m be 2/(-1) + (32 - 10). Let z = m + 107. What are the prime factors of z?
127
Let w = 27034 - 11270. List the prime factors of w.
2, 7, 563
What are the prime factors of 334223/25 - (15 - 5655/375)?
29, 461
Let p = 4217 + 35836. What are the prime factors of p?
3, 13, 79
Let r(p) = -8*p**3 - 30*p**2 - 197*p - 9. List the prime factors of r(-20).
55931
Let r = 8943 - -4587. Suppose r = 3*x + 7*x. List the prime factors of x.
3, 11, 41
Suppose -8*l = -4090 - 3438. Let d = l - 667. What are the prime factors of d?
2, 137
Let o = 6 + 39. Let x = 41 - o. What are the prime factors of (-978)/x + 6/4?
2, 3, 41
Let p = 25 - 39. What are the prime factors of (3/(-6) + p + 14)*-2932?
2, 733
Let o = -43230 + 82161. What are the prime factors of o?
3, 19, 683
Suppose 22*j = 184288 - 60648. List the prime factors of j.
2, 5, 281
Suppose 0 = t + 4*q - 126, 5*t - 4*q - 112 = 422. Let f be 264/t - (-2)/(-5). List the prime factors of (1/f)/(6/612).
3, 17
Let a = -35814 - -57868. List the prime factors of a.
2, 11027
Let k(s) be the third derivative of -3*s**2 + 0 + 3/8*s**4 - 2*s**3 + 0*s. What are the prime factors of k(5)?
3, 11
Suppose 3315 - 15 = 30*r. List the prime factors of 2658/4 + r/(-44).
2, 331
Let l be -5*(1 - -3)/(-20)*3. Suppose -1201 = 3*b - c, -4*c + l*c - 1205 = 3*b. Let n = 574 + b. List the prime factors of n.
173
Suppose -3*b - 30*o + 27*o = -10389, 0 = -2*b - 4*o + 6936. What are the prime factors of b?
2, 7, 13, 19
Let v(o) be the second derivative of o**5/20 - 19*o**4/12 + 37*o**3/6 - 21*o**2/2 + 2*o + 36. List the prime factors of v(18).
3, 107
Suppose -10 = -3*o + 2*c, -o + 0*o + 8 = -3*c. Suppose 906 = o*p + 4*i, -2*p - 2*i + 760 = -152. What are the prime factors of p?
3, 17
Suppose 184525 = 2*g - 2*l + 48997, 5*l = -25. What are the prime factors of g?
67759
Let o = -21998 - -43547. What are the prime factors of o?
3, 11, 653
Suppose 3*u - 8 = -u. Suppose -s - 2*g + 3*g + 486 = 0, 0 = -3*s + u*g + 1463. List the prime factors of s.
491
Let l = -5 + 5. Let m be (-11 - 5)*(-1 + l). List the prime factors of (-1 - -5)*(m - (5 - -1)).
2, 5
Suppose -2 = u, 2*u = -n + 5*u + 1262. Suppose -50*h = -52*h + n. What are the prime factors of h?
2, 157
Suppose -19*y - 32083 = -689156 + 92564. What are the prime factors of y?
11, 37, 73
Let t = 8741 - 4431. List the prime factors of t.
2, 5, 431
Suppose -118*v + 4*h = -121*v + 167739, 0 = -5*v + 5*h + 279460. What are the prime factors of v?
55901
Suppose -3*c = 5*d - 51966, 10480 = c + 4*d - 6849. Suppose 13*v - c = -4746. What are the prime factors of v?
967
Let g(w) = -w**3 - 19*w**2 - 34*w + 3. Let x be g(-17). Suppose 0 = 4*i + 2*s - 626, -2*i + 295 = x*s - 16. What are the prime factors of i?
157
Let x(s) = -220*s + 593. Let f(o) = 109*o - 295. Let t(w) = 5*f(w) + 2*x(w). List the prime factors of t(12).
971
Suppose 0 = 4*f + 1599 - 7599. Suppose 0 = 10*r - f - 2490. What are the prime factors of r?
3, 7, 19
Suppose 0 = -10*u + 26